y 5?
1
What is the remainder when 22105 is divided by 523?
139
What is the remainder when 151712 is divided by 105?
92
What is the remainder when 1637 is divided by 126?
125
Calculate the remainder when 2459 is divided by 583.
127
Calculate the remainder when 27916 is divided by 61.
39
What is the remainder when 5517 is divided by 5495?
22
What is the remainder when 1815 is divided by 26?
21
What is the remainder when 1922 is divided by 478?
10
Calculate the remainder when 194369 is divided by 194331.
38
What is the remainder when 8007 is divided by 14?
13
Calculate the remainder when 2406 is divided by 282.
150
Calculate the remainder when 25406 is divided by 471.
443
Calculate the remainder when 589290 is divided by 369.
366
What is the remainder when 228765 is divided by 4159?
20
What is the remainder when 2816 is divided by 544?
96
Calculate the remainder when 7229 is divided by 1588.
877
Calculate the remainder when 24001 is divided by 23976.
25
Calculate the remainder when 182098 is divided by 72.
10
What is the remainder when 40367 is divided by 95?
87
What is the remainder when 10933 is divided by 2731?
9
What is the remainder when 2409 is divided by 626?
531
Calculate the remainder when 355670 is divided by 833.
812
What is the remainder when 7030 is divided by 6975?
55
What is the remainder when 24868 is divided by 3551?
11
What is the remainder when 548640 is divided by 76?
72
Calculate the remainder when 175 is divided by 49.
28
Calculate the remainder when 3109 is divided by 508.
61
What is the remainder when 118927 is divided by 14?
11
Calculate the remainder when 3212 is divided by 557.
427
What is the remainder when 11253 is divided by 841?
320
Calculate the remainder when 15768 is divided by 116.
108
What is the remainder when 3937 is divided by 1000?
937
What is the remainder when 16014 is divided by 120?
54
What is the remainder when 7177 is divided by 1501?
1173
Calculate the remainder when 54202 is divided by 27098.
6
Calculate the remainder when 129758 is divided by 1260.
1238
Calculate the remainder when 14898 is divided by 162.
156
What is the remainder when 20713 is divided by 228?
193
Calculate the remainder when 24019 is divided by 200.
19
Calculate the remainder when 61102 is divided by 7.
6
What is the remainder when 2966 is divided by 77?
40
Calculate the remainder when 612935 is divided by 36.
35
Calculate the remainder when 3872 is divided by 938.
120
Calculate the remainder when 5067 is divided by 129.
36
What is the remainder when 1243 is divided by 45?
28
Calculate the remainder when 2182 is divided by 1102.
1080
Calculate the remainder when 61701 is divided by 464.
453
What is the remainder when 5538 is divided by 37?
25
What is the remainder when 920487 is divided by 10?
7
Calculate the remainder when 44786 is divided by 146.
110
Calculate the remainder when 89870 is divided by 17.
8
What is the remainder when 8228 is divided by 145?
108
Calculate the remainder when 17652 is divided by 18.
12
Calculate the remainder when 185110 is divided by 37022.
0
What is the remainder when 198 is divided by 10?
8
Calculate the remainder when 9416 is divided by 157.
153
What is the remainder when 580 is divided by 236?
108
Calculate the remainder when 7223 is divided by 3359.
505
What is the remainder when 85083 is divided by 203?
26
What is the remainder when 20126 is divided by 33?
29
What is the remainder when 3110 is divided by 1463?
184
What is the remainder when 2015 is divided by 16?
15
Calculate the remainder when 3321 is divided by 637.
136
Calculate the remainder when 2391 is divided by 1188.
15
Calculate the remainder when 19698 is divided by 61.
56
Calculate the remainder when 3550 is divided by 51.
31
Calculate the remainder when 59897 is divided by 134.
133
Calculate the remainder when 19274 is divided by 18.
14
Calculate the remainder when 728277 is divided by 21.
18
What is the remainder when 11361 is divided by 172?
9
What is the remainder when 33291 is divided by 459?
243
What is the remainder when 1717368 is divided by 630?
618
What is the remainder when 29622 is divided by 46?
44
Calculate the remainder when 3085128 is divided by 530.
528
What is the remainder when 582 is divided by 180?
42
Calculate the remainder when 7469 is divided by 6.
5
What is the remainder when 215289 is divided by 276?
9
What is the remainder when 65596 is divided by 937?
6
What is the remainder when 429 is divided by 162?
105
What is the remainder when 15776 is divided by 247?
215
What is the remainder when 59756 is divided by 90?
86
What is the remainder when 1041727 is divided by 18?
13
What is the remainder when 42770 is divided by 190?
20
Calculate the remainder when 274142 is divided by 113.
4
What is the remainder when 108946 is divided by 36315?
1
Calculate the remainder when 5186 is divided by 191.
29
What is the remainder when 4474 is divided by 201?
52
What is the remainder when 2857 is divided by 434?
253
Calculate the remainder when 67360 is divided by 306.
40
What is the remainder when 249162 is divided by 105?
102
What is the remainder when 4429 is divided by 20?
9
Calculate the remainder when 5647 is divided by 116.
79
What is the remainder when 70658 is divided by 103?
0
Calculate the remainder when 5466 is divided by 2.
0
Calculate the remainder when 1782 is divided by 466.
384
Calculate the remainder when 129648 is divided by 314.
280
Calculate the remainder when 576269 is divided by 312.
5
What is the remainder when 2726 is divided by 273?
269
What is the remainder when 1085 is divided by 548?
537
What is the remainder when 118807 is divided by 30?
7
What is the remainder when 5531 is divided by 504?
491
What is the remainder when 941232 is divided by 479?
476
Calculate the remainder when 2685 is divided by 29.
17
What is the remainder when 73785 is divided by 66?
63
What is the remainder when 2757437 is divided by 419?
417
Calculate the remainder when 2724 is divided by 160.
4
Calculate the remainder when 3734 is divided by 135.
89
What is the remainder when 463799 is divided by 17?
5
Calculate the remainder when 1037 is divided by 62.
45
What is the remainder when 132245 is divided by 11?
3
Calculate the remainder when 28626 is divided by 3980.
766
What is the remainder when 32999 is divided by 16210?
579
Calculate the remainder when 153539 is divided by 2.
1
What is the remainder when 28384 is divided by 281?
3
Calculate the remainder when 3378 is divided by 13.
11
What is the remainder when 98704 is divided by 29?
17
What is the remainder when 25353 is divided by 8448?
9
What is the remainder when 6191 is divided by 240?
191
What is the remainder when 213301 is divided by 106647?
7
What is the remainder when 90615 is divided by 6471?
21
What is the remainder when 1467 is divided by 290?
17
What is the remainder when 85285 is divided by 17056?
5
Calculate the remainder when 2577 is divided by 213.
21
What is the remainder when 127498 is divided by 36?
22
What is the remainder when 8738 is divided by 91?
2
Calculate the remainder when 221390 is divided by 153.
152
Calculate the remainder when 3185 is divided by 537.
500
What is the remainder when 1114 is divided by 322?
148
What is the remainder when 18045 is divided by 48?
45
What is the remainder when 7444 is divided by 230?
84
Calculate the remainder when 634525 is divided by 213.
211
What is the remainder when 35692 is divided by 2973?
16
What is the remainder when 1454 is divided by 1419?
35
What is the remainder when 3608 is divided by 1203?
1202
What is the remainder when 2559 is divided by 36?
3
What is the remainder when 71055 is divided by 17759?
19
Calculate the remainder when 6401 is divided by 726.
593
Calculate the remainder when 784 is divided by 226.
106
What is the remainder when 58394 is divided by 24?
2
Calculate the remainder when 3119 is divided by 523.
504
What is the remainder when 9860047 is divided by 1852?
1851
What is the remainder when 321264 is divided by 469?
468
What is the remainder when 17782 is divided by 17768?
14
Calculate the remainder when 279213 is divided by 201.
24
Calculate the remainder when 695368 is divided by 4266.
10
Calculate the remainder when 2383 is divided by 17.
3
What is the remainder when 61667 